{"id":2,"date":"2023-01-30T11:16:02","date_gmt":"2023-01-30T10:16:02","guid":{"rendered":"http:\/\/192.168.10.50\/wordpress\/?page_id=2"},"modified":"2024-06-12T09:35:36","modified_gmt":"2024-06-12T07:35:36","slug":"nos-services","status":"publish","type":"page","link":"https:\/\/www.image-medical.fr\/index.php\/nos-services\/","title":{"rendered":"IMAGE, votre partenaire pour vous accompagner dans toutes vos interventions techniques"},"content":{"rendered":"\n<p>Nous assurons tout ou partie du service technique : maintenance pr\u00e9ventive et curative, installation, d\u00e9ploiement, mises \u00e0 jour.<\/p>\n\n\n\n<blockquote class=\"wp-block-quote\">\n<p>La soci\u00e9t\u00e9 LPREM, avait besoin d&rsquo;une visite ponctuelle pour v\u00e9rifier l&rsquo;\u00e9tat de son parc d&rsquo;onduleur<\/p>\n<\/blockquote>\n\n\n\n<p><\/p>\n\n\n\n<blockquote class=\"wp-block-quote\">\n<p>La soci\u00e9t\u00e9 meca service,avait besoin d&rsquo;un partenaire technique rapidement pour les accompagner dans  leur forte croissance<\/p>\n<\/blockquote>\n\n\n\n<figure class=\"wp-block-image size-large\"><img decoding=\"async\" loading=\"lazy\" width=\"768\" height=\"1024\" src=\"http:\/\/192.168.10.50\/wordpress\/wp-content\/uploads\/2023\/01\/20230102_120844-768x1024.jpg\" alt=\"\" class=\"wp-image-42\" srcset=\"https:\/\/www.image-medical.fr\/wp-content\/uploads\/2023\/01\/20230102_120844-768x1024.jpg 768w, https:\/\/www.image-medical.fr\/wp-content\/uploads\/2023\/01\/20230102_120844-225x300.jpg 225w, https:\/\/www.image-medical.fr\/wp-content\/uploads\/2023\/01\/20230102_120844-1152x1536.jpg 1152w, https:\/\/www.image-medical.fr\/wp-content\/uploads\/2023\/01\/20230102_120844-1536x2048.jpg 1536w, https:\/\/www.image-medical.fr\/wp-content\/uploads\/2023\/01\/20230102_120844-scaled.jpg 1920w\" sizes=\"(max-width: 768px) 100vw, 768px\" \/><\/figure>\n","protected":false},"excerpt":{"rendered":"<p>Nous assurons tout ou partie du service technique : maintenance pr\u00e9ventive et curative, installation, d\u00e9ploiement, mises \u00e0 jour. La soci\u00e9t\u00e9 LPREM, avait besoin d&rsquo;une visite ponctuelle pour v\u00e9rifier l&rsquo;\u00e9tat de son parc d&rsquo;onduleur La soci\u00e9t\u00e9 meca service,avait besoin d&rsquo;un partenaire<\/p>\n","protected":false},"author":1,"featured_media":70,"parent":0,"menu_order":0,"comment_status":"closed","ping_status":"closed","template":"page-templates\/business.php","meta":[],"_links":{"self":[{"href":"https:\/\/www.image-medical.fr\/index.php\/wp-json\/wp\/v2\/pages\/2"}],"collection":[{"href":"https:\/\/www.image-medical.fr\/index.php\/wp-json\/wp\/v2\/pages"}],"about":[{"href":"https:\/\/www.image-medical.fr\/index.php\/wp-json\/wp\/v2\/types\/page"}],"author":[{"embeddable":true,"href":"https:\/\/www.image-medical.fr\/index.php\/wp-json\/wp\/v2\/users\/1"}],"replies":[{"embeddable":true,"href":"https:\/\/www.image-medical.fr\/index.php\/wp-json\/wp\/v2\/comments?post=2"}],"version-history":[{"count":6,"href":"https:\/\/www.image-medical.fr\/index.php\/wp-json\/wp\/v2\/pages\/2\/revisions"}],"predecessor-version":[{"id":100,"href":"https:\/\/www.image-medical.fr\/index.php\/wp-json\/wp\/v2\/pages\/2\/revisions\/100"}],"wp:featuredmedia":[{"embeddable":true,"href":"https:\/\/www.image-medical.fr\/index.php\/wp-json\/wp\/v2\/media\/70"}],"wp:attachment":[{"href":"https:\/\/www.image-medical.fr\/index.php\/wp-json\/wp\/v2\/media?parent=2"}],"curies":[{"name":"wp","href":"https:\/\/api.w.org\/{rel}","templated":true}]}}